*s**2 - 313*s - 17741. Determine h(-75).
109
Let t(d) = 114*d**2 - 18016*d + 630. Calculate t(158).
-2
Let q(m) = -8*m**3 - 2*m**2 - 26*m - 4. Give q(-4).
580
Let b(o) = -1193*o + 70143. Determine b(59).
-244
Let o(j) = 106637*j + 426540. Calculate o(-4).
-8
Let p(x) = 3*x**3 + 90*x**2 + 316*x + 147. Determine p(-26).
43
Let y(p) = p**3 + 145*p**2 + 219*p - 11096. Calculate y(-143).
-1515
Let h(m) = m**2 + 222251*m + 2000189. What is h(-9)?
11
Let k(z) = 2244241*z - 22442413. Determine k(10).
-3
Let j(y) = -241*y + 20102. Determine j(83).
99
Let h(d) = 9*d**3 - 16*d**2 + 9*d - 8. Determine h(1).
-6
Let s(q) = 1433182*q - 21497733. Give s(15).
-3
Let l(a) = 326*a + 1852. Determine l(-9).
-1082
Let l(i) = -7*i**3 + 131*i**2 + 149*i + 44. Determine l(20).
-576
Let q(o) = 6*o**2 + 70*o - 2070. Calculate q(-28).
674
Let t(c) = 3807*c - 193810. Calculate t(51).
347
Let v(b) = 13*b**2 + 68*b - 566. Give v(8).
810
Let l(y) = -2079*y + 69861. Calculate l(33).
1254
Let v(s) = s**2 + 190*s - 17221. What is v(66)?
-325
Let o(c) = 28256*c + 56485. What is o(-2)?
-27
Let d(y) = -y**2 - 4104760*y - 20523770. What is d(-5)?
5
Let p(s) = 271*s + 38725. Determine p(-143).
-28
Let q(y) = 360*y**2 - 2279*y + 41. Calculate q(7).
1728
Let p(x) = 352*x**2 + 81*x + 127. What is p(-2)?
1373
Let s(x) = 229*x - 24. What is s(2)?
434
Let n(r) = 2*r**3 + 4*r**2 - 2421*r - 12040. Determine n(-5).
-85
Let l(w) = -1090*w**2 + 6593*w - 308. Determine l(6).
10
Let i(k) = -5*k**3 + 95*k**2 - 103*k + 138. Give i(18).
-96
Let v(a) = -a**3 + 15*a**2 + 1577*a - 300. Give v(-33).
-69
Let i(o) = o**2 + 53*o + 767. Calculate i(-26).
65
Let p(v) = -v**2 + 3794*v - 249795. What is p(67)?
-86
Let g(f) = f**3 + 10*f**2 - 891*f - 618. What is g(-35)?
-58
Let y(a) = -6*a**3 + 86*a**2 - 184*a + 36. What is y(11)?
432
Let p(y) = -9665*y - 9958. Calculate p(-1).
-293
Let y(q) = -146104*q + 876638. What is y(6)?
14
Let v(j) = 172*j**2 - 221*j + 122. Determine v(2).
368
Let w(v) = -258125*v - 2064910. Give w(-8).
90
Let x(s) = 439*s + 6040. Determine x(-15).
-545
Let q(m) = -38*m**3 - 1319*m**2 + 395*m + 355. Calculate q(-35).
5
Let p(s) = -s**3 - 21*s**2 + 66*s + 1111. Calculate p(-21).
-275
Let c(y) = 2*y**3 + 37*y**2 + 52*y + 1344. What is c(-18)?
732
Let t(a) = -468*a + 50099. What is t(105)?
959
Let l(s) = 5*s**2 + 34*s - 41714. Give l(88).
-2
Let d(r) = 3*r**3 - 935*r**2 + 1566*r - 4936. Give d(310).
24
Let j(r) = -2080*r**2 - 10*r - 46. Give j(0).
-46
Let d(z) = -39*z**2 - 7790*z + 1980. What is d(-200)?
-20
Let b(l) = -437*l + 149449. Determine b(342).
-5
Let n(v) = v**2 - 2194*v + 98925. Calculate n(46).
117
Let w(a) = -45266*a + 587822. What is w(13)?
-636
Let z(i) = -21*i**3 + 670*i**2 - 42*i + 2969. Give z(32).
-423
Let i(r) = 149*r + 6560. Give i(-45).
-145
Let b(f) = 432*f**2 + 2794*f + 14. Give b(-7).
1624
Let c(y) = y**3 + 407*y**2 + 16917*y - 1060. Calculate c(-360).
20
Let x(i) = -1534*i - 33427. Calculate x(-23).
1855
Let h(g) = -2907*g + 90114. Calculate h(31).
-3
Let i(f) = -3*f**3 + 4*f**2 - 165*f + 639. Determine i(4).
-149
Let z(b) = 5*b**2 - 207*b - 347. Calculate z(43).
-3
Let f(y) = 2*y**2 - 556*y + 21883. Determine f(216).
-4901
Let b(g) = -g**3 - 65*g**2 - 707*g - 203. Calculate b(-48).
-5435
Let y(l) = 3*l**2 - 1289*l - 23650. Calculate y(447).
-406
Let u(g) = 10*g**2 + 353*g - 8121. Calculate u(-51).
-114
Let h(r) = 136*r**2 + 36990*r - 779. What is h(-272)?
-235
Let r(n) = 25290*n - 404641. What is r(16)?
-1
Let x(u) = -u**2 - 2212*u + 905449. What is x(353)?
4
Let q(v) = -v**3 + 1327*v**2 + 9402*v + 436. What is q(-7)?
-12
Let c(x) = -3*x**3 - 12*x**2 + 524*x + 4063. Give c(-8).
639
Let t(w) = w**3 - 37*w**2 + 52*w - 1912. What is t(37)?
12
Let z(h) = -h**3 + 84*h**2 + 395*h + 4644. Determine z(89).
194
Let x(w) = 3*w**2 - 21*w - 1236. Give x(20).
-456
Let n(z) = z**3 - 6*z**2 + 13*z - 639. What is n(0)?
-639
Let x(r) = 11*r**2 - 6000*r + 20577. Give x(542).
-19
Let y(q) = 5*q**2 + 567*q - 211414. What is y(-270)?
-4
Let w(g) = 398*g**3 - 2*g**2 - 400*g - 399. Calculate w(-1).
-399
Let d(c) = -2*c**2 + 545*c - 18700. Calculate d(49).
3203
Let b(h) = 38*h**2 - 1315*h - 11072. Determine b(-7).
-5
Let i(z) = 313*z**2 - 3908*z - 31080. What is i(18)?
-12
Let a(t) = 2*t**3 + 135*t**2 + 67*t + 1887. What is a(-67)?
1887
Let g(i) = 2899*i**2 - 1058133*i - 727. Calculate g(365).
3
Let s(l) = l**3 - 573*l**2 - 3030*l + 1409740. Determine s(574).
-4
Let h(z) = z**3 - 165*z**2 + 4*z - 105. Determine h(165).
555
Let d(w) = -41*w**2 - 12938*w + 25872. What is d(2)?
-168
Let l(d) = 18969*d - 75912. Give l(4).
-36
Let w(t) = -t**3 - 34*t**2 + 1104*t - 1850. Calculate w(19).
-7
Let g(o) = -3*o**3 + 4*o**2 - 4814*o - 28907. Give g(-6).
769
Let x(j) = 6*j**3 - 949*j**2 + 30954*j + 189. Calculate x(46).
5
Let s(c) = 375*c - 1897. Give s(5).
-22
Let r(f) = -f**3 + 257*f**2 - 19*f - 60683. What is r(256)?
-11
Let k(m) = -m**3 + 40*m**2 - 257*m + 74. What is k(32)?
42
Let k(n) = -2*n**3 - 337*n**2 - 568*n - 11221. Give k(-167).
-32
Let u(s) = s**3 + 44*s**2 + 262*s - 913. Determine u(-36).
23
Let i(y) = 4*y**3 - 108*y**2 + 633*y + 285. Calculate i(18).
15
Let m(h) = -6*h**2 + 236*h - 1779. Give m(10).
-19
Let s(r) = 9*r**2 - 602*r + 486. Determine s(66).
-42
Let w(i) = -2*i**3 + 147*i**2 - 1423*i - 197. Determine w(62).
-11
Let t(m) = m**2 - 470*m + 51049. What is t(290)?
-1151
Let h(a) = 8884*a - 35540. Determine h(4).
-4
Let z(v) = 337*v + 20233. What is z(-60)?
13
Let f(t) = -661*t + 62448. What is f(94)?
314
Let a(o) = 32522*o - 130102. What is a(4)?
-14
Let a(s) = -s**3 + 215*s**2 + 872*s + 856. Determine a(219).
-20
Let p(m) = -38236*m - 10323741. Determine p(-270).
-21
Let t(b) = -47*b**2 + 764*b + 757. Give t(-1).
-54
Let w(q) = -3992*q + 183468. What is w(46)?
-164
Let b(m) = 21*m**2 + 26518*m - 53116. Give b(2).
4
Let g(q) = -4*q**2 - 2584*q + 12975. Give g(5).
-45
Let o(h) = 206*h**2 + 129*h - 6645. Determine o(-6).
-3
Let y(j) = 1714*j + 29155. Determine y(-17).
17
Let g(a) = -4*a**3 - 1280*a**2 + 9155*a - 325. Calculate g(-327).
2
Let t(q) = -378*q + 8047. Determine t(22).
-269
Let n(s) = s**3 - 23*s**2 - 32*s + 229. Calculate n(25).
679
Let w(y) = -y**3 + 6*y**2 + 8669*y + 34529. Determine w(-4).
13
Let d(p) = 25*p**3 - 104*p**2 - 9*p - 6. Determine d(6).
1596
Let d(b) = 23519*b + 823068. What is d(-35)?
-97
Let q(h) = -7843*h - 290200. What is q(-37)?
-9
Let t(n) = 4*n**2 + 124*n - 1348. Calculate t(-40).
92
Let t(d) = 305*d - 6095. Give t(22).
615
Let k(t) = -2*t**2 - 679*t - 14549. Calculate k(-23).
10
Let n(w) = -10*w**3 - 8*w**2 + 315*w - 12. What is n(-6)?
-30
Let a(b) = -2*b**2 - 192*b + 4001. Give a(-111).
671
Let r(w) = -2176*w - 10857. Calculate r(-5).
23
Let r(f) = -14*f**2 - 195*f - 139. Calculate r(-15).
-364
Let l(q) = -4252627*q + 38273650. Calculate l(9).
7
Let i(f) = -15*f**3 - 568*f**2 + 76*f + 41. What is i(-38)?
41
Let i(b) = b**3 - 726*b**2 + 1506*b - 42002. Determine i(724).
-10
Let x(r) = 8923*r + 36098. Give x(-4).
406
Let l(q) = -q**3 + 82*q**2 - 1670*q - 452. Calculate l(41).
-1
Let q(d) = 2*d**3 - 600*d**2 - 47452*d + 725. Calculate q(365).
-5
Let x(y) = -29253*y - 204796. What is x(-7)?
-25
Let c(p) = -77*p**3 + 3*p**2 + 271*p + 790. Calculate c(-3).
2083
Let s(u) = -u**3 - 60*u**2 + 1044*u - 2921. Calculate s(11).
-28
Let k(y) = -35131*y - 4075184. What is k(-116)?
12
Let a(k) = 134862*k - 1888059. Determine a(14).
9
Let b(y) = 2*y**3 - 17*y**2 - 13*y + 61. What is b(10)?
231
Let d(w) = -31959*w + 287539. Determine d(9).
-92
Let t(a) = 4*a**2 - 9650*a + 76959. What is t(8)?
15
Let t(r) = -9073*r - 226790. Determine t(-25).
35
Let v(w) = -w**3 - 105*w**2 - 2027*w + 40423. What is v(-57)?
10
Let q(m) = m**3 - 151*m**2 - 12127*m + 1136. Give q(209).
91
Let z(a) = -a**3 - 8*a**2 - 15*a + 474. Calculate z(0).
474
Let b(r) = 102*r - 17800. Determine b(174).
-52
Let x(q) = -3*q**3 - 35*q**2 + 202*q - 104. Give x(-16).
-8
Let m(p) = 8980*p - 62638. Give m(7).
222
Let u(r) = 3*r**2 + 5949*r - 2297803. What is u(-2314)?
-1
Let c(t) = 7*t**3 - 136*t**2 + 40*t + 107. What is c(19)?
-216
Let w(l) = 2*l**3 - 124*l**2 + 1131*l - 458. What is w(51)?
1
Let a(m) = 102*m**2 - 1771*m - 1182. What is a(18)?
-12
Let x(n) = 136*n**2 + 807*n + 593. What is x(-5